{"id":1332,"date":"2014-10-24T14:42:39","date_gmt":"2014-10-24T12:42:39","guid":{"rendered":"https:\/\/www.icripalimosani.edu.it\/?page_id=1332"},"modified":"2014-10-24T14:42:39","modified_gmt":"2014-10-24T12:42:39","slug":"elezione-del-consiglio-distituto","status":"publish","type":"page","link":"https:\/\/icripalimosani.edu.it\/site\/elezione-del-consiglio-distituto\/","title":{"rendered":"Elezione del Consiglio d&#8217;Istituto"},"content":{"rendered":"<p>La data per l\u2019elezione del Consiglio d\u2019Istituto \u00e8 cos\u00ec fissata:<br \/>\ndalle ore 8.00 alle ore 12.00 di domenica 16 Novembre 2014<br \/>\ndalle ore 8.00 alle ore 13.30 di luned\u00ec 17 Novembre 2014<\/p>\n","protected":false},"excerpt":{"rendered":"<p>La data per l\u2019elezione del Consiglio d\u2019Istituto \u00e8 cos\u00ec fissata: dalle ore 8.00 alle ore 12.00 di domenica 16 Novembre 2014 dalle ore 8.00 alle ore 13.30 di luned\u00ec 17 Novembre 2014<\/p>\n","protected":false},"author":1,"featured_media":0,"parent":0,"menu_order":0,"comment_status":"closed","ping_status":"closed","template":"","meta":{"footnotes":""},"_links":{"self":[{"href":"https:\/\/icripalimosani.edu.it\/site\/wp-json\/wp\/v2\/pages\/1332"}],"collection":[{"href":"https:\/\/icripalimosani.edu.it\/site\/wp-json\/wp\/v2\/pages"}],"about":[{"href":"https:\/\/icripalimosani.edu.it\/site\/wp-json\/wp\/v2\/types\/page"}],"author":[{"embeddable":true,"href":"https:\/\/icripalimosani.edu.it\/site\/wp-json\/wp\/v2\/users\/1"}],"replies":[{"embeddable":true,"href":"https:\/\/icripalimosani.edu.it\/site\/wp-json\/wp\/v2\/comments?post=1332"}],"version-history":[{"count":0,"href":"https:\/\/icripalimosani.edu.it\/site\/wp-json\/wp\/v2\/pages\/1332\/revisions"}],"wp:attachment":[{"href":"https:\/\/icripalimosani.edu.it\/site\/wp-json\/wp\/v2\/media?parent=1332"}],"curies":[{"name":"wp","href":"https:\/\/api.w.org\/{rel}","templated":true}]}}

<p>La data per l’elezione del Consiglio d’Istituto è così fissata:<br />
dalle ore 8.00 alle ore 12.00 di domenica 16 Novembre 2014<br />
dalle ore 8.00 alle ore 13.30 di lunedì 17 Novembre 2014</p>

<p>La data per l’elezione del Consiglio d’Istituto è così fissata: dalle ore 8.00 alle ore 12.00 di domenica 16 Novembre 2014 dalle ore 8.00 alle ore 13.30 di lunedì 17 Novembre 2014</p>
