{"id":231,"date":"2009-10-24T15:52:40","date_gmt":"2009-10-24T13:52:40","guid":{"rendered":"http:\/\/www.scuolacooperativa.net\/wordpress\/?page_id=231"},"modified":"2009-10-24T15:52:40","modified_gmt":"2009-10-24T13:52:40","slug":"un-blog-per-un-sito-statico","status":"publish","type":"page","link":"https:\/\/icripalimosani.edu.it\/site\/tutorial\/un-blog-per-un-sito-statico\/","title":{"rendered":"&#8211; Un blog per un sito statico"},"content":{"rendered":"<p><a href=\"http:\/\/www.icripalimosani.edu.it\/wp-content\/uploads\/2009\/10\/bicchiere_acqua_1b1.jpg\"><img decoding=\"async\" loading=\"lazy\" class=\"alignright size-medium wp-image-349\" title=\"bicchiere d'acqua\" src=\"http:\/\/www.scuolacooperativa.net\/wordpress\/wp-content\/uploads\/2009\/10\/bicchiere_acqua_1b-225x300.jpg\" alt=\"bicchiere d'acqua\" width=\"158\" height=\"210\" \/><\/a><\/p>\n<p>WordPress \u00e8 particolarmente indicato in questo caso per la semplicit\u00e0 di installazione e di utilizzo. Semplice &#8230; come bere un bicchier d&#8217;acqua.<\/p>\n<p>Come procedere:<\/p>\n<ul>\n<li>Installare WordPress in uno spazio Web con Database che supporti PHP e MySql<\/li>\n<li>Inserire nel proprio sito statico un collegamento alla neonata sezione dinamica WordPress<\/li>\n<li>Intervenire con alcune personalizzazioni, in particolare:\n<ul>\n<li>Scelta ed eventuale modifica del tema<\/li>\n<li>Impostazioni<\/li>\n<\/ul>\n<\/li>\n<li>Inserire contenuti nel blog\/sezione dinamica<\/li>\n<\/ul>\n<h3>Il tema giusto<\/h3>\n<p><a href=\"http:\/\/www.icripalimosani.edu.it\/wp-content\/uploads\/2009\/10\/screenshot31.png\"><img decoding=\"async\" loading=\"lazy\" class=\"alignleft size-full wp-image-351\" title=\"screenshot3\" src=\"http:\/\/www.icripalimosani.edu.it\/wp-content\/uploads\/2009\/10\/screenshot31.png\" alt=\"screenshot3\" width=\"300\" height=\"225\" \/><\/a>Il tema di WordPress \u00e8 il suo aspetto; altri CMS usano il termine &#8220;template&#8221;. Si tratta di un insieme di files , principalmente\u00a0 files .php e fogli di stile .css, oltre ad immagini che gestiscono la struttura principale (testata, numero di colonne&#8230;) e l&#8217;aspetto esteriore del sito.<\/p>\n<p>Per l&#8217;utilizzo di WordPress come sezione dinamica di un sito esistente si consiglia di utilizzare temi molto semplici, con un layout\u00a0 che non vada a contrastare con quello del proprio sito, magari a due colonne o una sola e, se il tema ha un foglio di stile abbastanza semplice, si consiglia anche di modificarne i colori per renderlo pi\u00f9 simile al proprio sito.<\/p>\n<p>Quando si installa WordPress vengono caricati di default anche due temi, entrambi a due colonne: il tema \u201cdefault\u201d \u00e8 a larghezza fissa, mentre il tema &#8220;classic&#8221; \u00e8 la larghezza variabile. Entrambi purtroppo producono un codice xhtml \u201ctransitional&#8221;, ma modificando l\u2019intestazione del file header.php, il tema \u201cclassic\u201d produce codice xhtml strict valido.<\/p>\n<p>I temi sono contenuti all&#8217;interno della cartella:<\/p>\n<p>wordpress\/wp-content\/themes\/<\/p>\n<p>Il file header.php \u00e8 direttamente contenuto nella cartella principale del tema: \u00e8 sufficiente aprirlo con un editor e sostituire la prima riga:<\/p>\n<div class=\"code\"><code>&lt;... Transitional\/\/EN\" \"http:\/\/www.w3.org\/TR\/xhtml1\/DTD\/xhtml1-transitional.dtd\"&gt;<\/code><\/div>\n<p>con:<\/p>\n<div class=\"code\"><code>&lt;... Strict\/\/EN\" \"http:\/\/www.w3.org\/TR\/xhtml1\/DTD\/xhtml1-strict.dtd\"&gt;<\/code><\/div>\n<p>Il tema &#8220;classic&#8221; inoltre possiede un css abbastanza semplice nel quale \u00e8 facile riconoscere le dichiarazioni relative ai colori e ai font, quindi si pu\u00f2 modificarlo in modo che il suo aspetto sia simile a quello del sito originale o che comunque non sia troppo in discordanza con esso.<\/p>\n<h3>I contenuti<\/h3>\n<p>A questo punto si pu\u00f2 iniziare ad inserire contenuti nel sito.<\/p>\n<p>Per cominciare a lavorare \u00e8 necessario entrare nel pannello di amministrazione. Di default nei siti WordPress \u00e8 presente un men\u00f9 <em>Meta<\/em>, la cui prima voce <em>Collegati<\/em> permette di entrare nell&#8217;area di amministrazione.<\/p>\n<p>N.B. Una volta effettuato il login questa voce si trasforma in <em>Amministra<\/em> <em>sito<\/em>.<\/p>\n<p>WordPress prevede due differenti tipologie di contenuti: le pagine e gli articoli. Per l&#8217;uso di WordPress come sezione dinamica di un sito statico \u00e8 sufficiente limitarsi alla pubblicazione di articoli. Nella pagina principale del sito WordPress compare di default l&#8217;elenco degli ultimi articoli scritti in ordine cronologico (in testa il pi\u00f9 recente). Scrivere articoli ed inserire immagini \u00e8 molto semplice. Per i neofiti \u00e8 utile la lettura della pi\u00f9 breve delle <a href=\"http:\/\/www.scuolacooperativa.net\/wordpress\/tutorial\/guide\/\">due guide allegate a questo tutorial<\/a>, corredata di immagini esplicative.<\/p>\n<h3>Personalizzare le impostazioni<\/h3>\n<p>Per ulteriori personalizzazioni pu\u00f2 essere utile invece proseguire la lettura del tutorial, con uno sguardo su <a href=\"http:\/\/www.scuolacooperativa.net\/wordpress\/tutorial\/wp-per-un-sito-semplice\/\">come costruire tutto il sito in WordPress<\/a>.<\/p>\n","protected":false},"excerpt":{"rendered":"<p>WordPress \u00e8 particolarmente indicato in questo caso per la semplicit\u00e0 di installazione e di utilizzo. Semplice &#8230; come bere un bicchier d&#8217;acqua. Come procedere: Installare WordPress in uno spazio Web con Database che supporti PHP e MySql Inserire nel proprio sito statico un collegamento alla neonata sezione dinamica WordPress Intervenire con alcune personalizzazioni, in particolare: [&hellip;]<\/p>\n","protected":false},"author":1,"featured_media":0,"parent":97,"menu_order":5,"comment_status":"open","ping_status":"open","template":"","meta":{"footnotes":""},"_links":{"self":[{"href":"https:\/\/icripalimosani.edu.it\/site\/wp-json\/wp\/v2\/pages\/231"}],"collection":[{"href":"https:\/\/icripalimosani.edu.it\/site\/wp-json\/wp\/v2\/pages"}],"about":[{"href":"https:\/\/icripalimosani.edu.it\/site\/wp-json\/wp\/v2\/types\/page"}],"author":[{"embeddable":true,"href":"https:\/\/icripalimosani.edu.it\/site\/wp-json\/wp\/v2\/users\/1"}],"replies":[{"embeddable":true,"href":"https:\/\/icripalimosani.edu.it\/site\/wp-json\/wp\/v2\/comments?post=231"}],"version-history":[{"count":0,"href":"https:\/\/icripalimosani.edu.it\/site\/wp-json\/wp\/v2\/pages\/231\/revisions"}],"up":[{"embeddable":true,"href":"https:\/\/icripalimosani.edu.it\/site\/wp-json\/wp\/v2\/pages\/97"}],"wp:attachment":[{"href":"https:\/\/icripalimosani.edu.it\/site\/wp-json\/wp\/v2\/media?parent=231"}],"curies":[{"name":"wp","href":"https:\/\/api.w.org\/{rel}","templated":true}]}}