{"id":3974,"date":"2016-01-22T13:05:08","date_gmt":"2016-01-22T12:05:08","guid":{"rendered":"https:\/\/www.icripalimosani.edu.it\/?page_id=3974"},"modified":"2016-01-22T13:05:08","modified_gmt":"2016-01-22T12:05:08","slug":"note-legali","status":"publish","type":"page","link":"https:\/\/icripalimosani.edu.it\/site\/note-legali\/","title":{"rendered":"Note legali"},"content":{"rendered":"<div id=\"post-129\" class=\"post\">\n<div class=\"postentry\">\n<h3 style=\"text-align: justify;\">Copyright e Download<\/h3>\n<p style=\"text-align: justify;\">I contenuti di questo sito, salvo diversa indicazione, sono rilasciati sotto una licenza \u00a0<a href=\"http:\/\/creativecommons.org\/licenses\/by-nc-sa\/3.0\/\" rel=\"license\">Attribuzione-Non commerciale-Condividi allo stesso modo 3.0 Unported<\/a>\u00a0di Creative Commons.<br \/>\nTutti i marchi sono propriet\u00e0 dei rispettivi proprietari.<\/p>\n<h3 style=\"text-align: justify;\">Utilizzo del sito<\/h3>\n<p style=\"text-align: justify;\">In nessun caso l&#8217;Istituto Comprensivo &#8220;Alighieri&#8221; &#8211; Ripalimosani potr\u00e0 essere ritenuto responsabile dei danni di qualsiasi natura causati direttamente o indirettamente dall\u2019accesso al sito, dall\u2019incapacit\u00e0 o impossibilit\u00e0 di accedervi, dall\u2019affidamento dell\u2019utente e dall\u2019utilizzo dei contenuti.<\/p>\n<p style=\"text-align: justify;\">L&#8217;Istituto provveder\u00e0 a inserire nel sito informazioni aggiornate, ma non garantisce circa la loro completezza o accuratezza.<\/p>\n<h3 style=\"text-align: justify;\">Accesso a siti esterni collegati<\/h3>\n<p style=\"text-align: justify;\">L&#8217;Istituto Comprensivo &#8220;Alighieri&#8221; &#8211; Ripalimosani non ha alcuna responsabilit\u00e0 per quanto riguarda i siti ai quali \u00e8 possibile accedere tramite i collegamenti posti all\u2019interno del sito stesso: sono forniti come semplice servizio agli utenti della rete. Fornire collegamenti non implica l\u2019approvazione dei siti stessi.<\/p>\n<p style=\"text-align: justify;\">L&#8217;Istituto Comprensivo &#8220;Alighieri&#8221; &#8211; Ripalimosani non \u00e8 responsabile in merito alle informazioni ottenute dall\u2019utente tramite l\u2019accesso ai siti collegati: della completezza e precisione delle informazioni sono da ritenersi responsabili i soggetti titolari dei siti ai quali si accede alle condizioni dagli stessi previste.<\/p>\n<p style=\"text-align: justify;\">L&#8217;Istituto non offre alcuna assicurazione sul software eventualmente presente sul proprio sito o su siti esterni e non pu\u00f2 garantirne qualit\u00e0, sicurezza e compatibilit\u00e0 con i sistemi in uso.<\/p>\n<h3 style=\"text-align: justify;\">Virus informatici<\/h3>\n<p class=\"widgettitle\" style=\"text-align: justify;\">L&#8217;Istituto Comprensivo &#8220;Alighieri&#8221; &#8211; Ripalimosani non garantisce che il sito sia privo di errori o virus.<\/p>\n<p class=\"widgettitle\" style=\"text-align: justify;\">L&#8217;Istituto,\u00a0 i suoi fornitori e i suoi collaboratori non sono responsabili per i danni subiti dall\u2019utente a causa di tali elementi di carattere distruttivo.<\/p>\n<\/div>\n<\/div>\n","protected":false},"excerpt":{"rendered":"<p>Copyright e Download I contenuti di questo sito, salvo diversa indicazione, sono rilasciati sotto una licenza \u00a0Attribuzione-Non commerciale-Condividi allo stesso modo 3.0 Unported\u00a0di Creative Commons. Tutti i marchi sono propriet\u00e0 dei rispettivi proprietari. Utilizzo del sito In nessun caso l&#8217;Istituto Comprensivo &#8220;Alighieri&#8221; &#8211; Ripalimosani potr\u00e0 essere ritenuto responsabile dei danni di qualsiasi natura causati direttamente [&hellip;]<\/p>\n","protected":false},"author":1,"featured_media":0,"parent":0,"menu_order":0,"comment_status":"closed","ping_status":"closed","template":"","meta":{"footnotes":""},"_links":{"self":[{"href":"https:\/\/icripalimosani.edu.it\/site\/wp-json\/wp\/v2\/pages\/3974"}],"collection":[{"href":"https:\/\/icripalimosani.edu.it\/site\/wp-json\/wp\/v2\/pages"}],"about":[{"href":"https:\/\/icripalimosani.edu.it\/site\/wp-json\/wp\/v2\/types\/page"}],"author":[{"embeddable":true,"href":"https:\/\/icripalimosani.edu.it\/site\/wp-json\/wp\/v2\/users\/1"}],"replies":[{"embeddable":true,"href":"https:\/\/icripalimosani.edu.it\/site\/wp-json\/wp\/v2\/comments?post=3974"}],"version-history":[{"count":0,"href":"https:\/\/icripalimosani.edu.it\/site\/wp-json\/wp\/v2\/pages\/3974\/revisions"}],"wp:attachment":[{"href":"https:\/\/icripalimosani.edu.it\/site\/wp-json\/wp\/v2\/media?parent=3974"}],"curies":[{"name":"wp","href":"https:\/\/api.w.org\/{rel}","templated":true}]}}