{"id":65228,"date":"2009-04-17T23:13:28","date_gmt":"2009-04-17T21:13:28","guid":{"rendered":"http:\/\/www.scuolacooperativa.net\/wordpress\/?page_id=13"},"modified":"2009-04-17T23:13:28","modified_gmt":"2009-04-17T21:13:28","slug":"il-sito","status":"publish","type":"page","link":"https:\/\/icripalimosani.edu.it\/site\/il-sito\/","title":{"rendered":"Il sito"},"content":{"rendered":"<p>Questa pagina \u00e8 un esempio di una pagina di WordPress. Questa pagina \u00e8 un esempio di una pagina di WordPress.Questa pagina \u00e8 un esempio di una pagina di WordPress. Questa pagina \u00e8 un esempio di una pagina di WordPress.Questa pagina \u00e8 un esempio di una pagina di WordPress. Questa pagina \u00e8 un esempio di una pagina di WordPress.<\/p>\n<p>Questa pagina \u00e8 un esempio di una pagina di WordPress. Questa pagina \u00e8 un esempio di una pagina di WordPress.Questa pagina \u00e8 un esempio di una pagina di WordPress. Questa pagina \u00e8 un esempio di una pagina di WordPress.<\/p>\n","protected":false},"excerpt":{"rendered":"<p>Questa pagina \u00e8 un esempio di una pagina di WordPress. Questa pagina \u00e8 un esempio di una pagina di WordPress.Questa pagina \u00e8 un esempio di una pagina di WordPress. Questa pagina \u00e8 un esempio di una pagina di WordPress.Questa pagina \u00e8 un esempio di una pagina di WordPress. Questa pagina \u00e8 un esempio di una [&hellip;]<\/p>\n","protected":false},"author":1,"featured_media":0,"parent":0,"menu_order":7,"comment_status":"open","ping_status":"open","template":"","meta":{"footnotes":""},"_links":{"self":[{"href":"https:\/\/icripalimosani.edu.it\/site\/wp-json\/wp\/v2\/pages\/65228"}],"collection":[{"href":"https:\/\/icripalimosani.edu.it\/site\/wp-json\/wp\/v2\/pages"}],"about":[{"href":"https:\/\/icripalimosani.edu.it\/site\/wp-json\/wp\/v2\/types\/page"}],"author":[{"embeddable":true,"href":"https:\/\/icripalimosani.edu.it\/site\/wp-json\/wp\/v2\/users\/1"}],"replies":[{"embeddable":true,"href":"https:\/\/icripalimosani.edu.it\/site\/wp-json\/wp\/v2\/comments?post=65228"}],"version-history":[{"count":0,"href":"https:\/\/icripalimosani.edu.it\/site\/wp-json\/wp\/v2\/pages\/65228\/revisions"}],"wp:attachment":[{"href":"https:\/\/icripalimosani.edu.it\/site\/wp-json\/wp\/v2\/media?parent=65228"}],"curies":[{"name":"wp","href":"https:\/\/api.w.org\/{rel}","templated":true}]}}