{"id":65517,"date":"2020-08-27T12:33:10","date_gmt":"2020-08-27T12:33:10","guid":{"rendered":"https:\/\/icripalimosani.edu.it\/site\/?page_id=65517"},"modified":"2020-10-05T09:00:51","modified_gmt":"2020-10-05T09:00:51","slug":"mad","status":"publish","type":"page","link":"https:\/\/icripalimosani.edu.it\/site\/mad\/","title":{"rendered":"MAD"},"content":{"rendered":"\t\t<div data-elementor-type=\"wp-page\" data-elementor-id=\"65517\" class=\"elementor elementor-65517\" data-elementor-post-type=\"page\">\n\t\t\t\t\t\t\t\t\t<section class=\"elementor-section elementor-top-section elementor-element elementor-element-59684e3 elementor-section-boxed elementor-section-height-default elementor-section-height-default\" data-id=\"59684e3\" data-element_type=\"section\">\n\t\t\t\t\t\t<div class=\"elementor-container elementor-column-gap-default\">\n\t\t\t\t\t<div class=\"elementor-column elementor-col-100 elementor-top-column elementor-element elementor-element-88f250f\" data-id=\"88f250f\" data-element_type=\"column\">\n\t\t\t<div class=\"elementor-widget-wrap elementor-element-populated\">\n\t\t\t\t\t\t\t\t<div class=\"elementor-element elementor-element-67187da elementor-widget elementor-widget-text-editor\" data-id=\"67187da\" data-element_type=\"widget\" data-widget_type=\"text-editor.default\">\n\t\t\t\t<div class=\"elementor-widget-container\">\n\t\t\t\t\t\t\t<table><tbody><tr><td><p><strong><a href=\"https:\/\/www.segreteriacloud.eu\/icripalimosani\/sportello_mad\/form_mad.php?action=show_module&amp;id=YWpiUzRGcDFlOG83aERac1R3dVYwQT09\" target=\"_blank\" rel=\"noopener noreferrer\">MODULO PRESENTAZIONE MAD<\/a><\/strong><\/p><p>Si ricorda che pu\u00f2 presentare domanda esclusivamente chi non si \u00e8 incluso nelle graduatorie di Istituto ed \u00e8 in\u00a0 possesso dei prescritti titoli di accesso. <\/p><\/td><\/tr><\/tbody><\/table>\t\t\t\t\t\t<\/div>\n\t\t\t\t<\/div>\n\t\t\t\t\t<\/div>\n\t\t<\/div>\n\t\t\t\t\t\t\t<\/div>\n\t\t<\/section>\n\t\t\t\t\t\t\t<\/div>\n\t\t","protected":false},"excerpt":{"rendered":"<p>MODULO PRESENTAZIONE MAD Si ricorda che pu\u00f2 presentare domanda esclusivamente chi non si \u00e8 incluso nelle graduatorie di Istituto ed \u00e8 in\u00a0 possesso dei prescritti titoli di accesso.<\/p>\n","protected":false},"author":1,"featured_media":0,"parent":0,"menu_order":0,"comment_status":"closed","ping_status":"closed","template":"","meta":{"footnotes":""},"_links":{"self":[{"href":"https:\/\/icripalimosani.edu.it\/site\/wp-json\/wp\/v2\/pages\/65517"}],"collection":[{"href":"https:\/\/icripalimosani.edu.it\/site\/wp-json\/wp\/v2\/pages"}],"about":[{"href":"https:\/\/icripalimosani.edu.it\/site\/wp-json\/wp\/v2\/types\/page"}],"author":[{"embeddable":true,"href":"https:\/\/icripalimosani.edu.it\/site\/wp-json\/wp\/v2\/users\/1"}],"replies":[{"embeddable":true,"href":"https:\/\/icripalimosani.edu.it\/site\/wp-json\/wp\/v2\/comments?post=65517"}],"version-history":[{"count":7,"href":"https:\/\/icripalimosani.edu.it\/site\/wp-json\/wp\/v2\/pages\/65517\/revisions"}],"predecessor-version":[{"id":66167,"href":"https:\/\/icripalimosani.edu.it\/site\/wp-json\/wp\/v2\/pages\/65517\/revisions\/66167"}],"wp:attachment":[{"href":"https:\/\/icripalimosani.edu.it\/site\/wp-json\/wp\/v2\/media?parent=65517"}],"curies":[{"name":"wp","href":"https:\/\/api.w.org\/{rel}","templated":true}]}}